alculate the remainder when p is divided by s.
18
Calculate the remainder when 504/(-15)*240/(-192) is divided by ((-6)/8)/((-2)/24).
6
Let g = -317 - -443. What is the remainder when g is divided by 22?
16
Suppose 0 = 3*a - 2*w - 5, w = 2*a - a - 2. Suppose 15 = v - a. Let q = -323 - -351. What is the remainder when q is divided by v?
12
Suppose 0*x - 2*x = 4*a + 12, -3*x = 0. Let t be 12/(-8) + (-66)/(-4). Calculate the remainder when 33 is divided by a/(-20)*4*t.
6
Let y(x) = -x - 1. Let p be y(-1). Suppose -3*k - m + 26 = p, -2*k + 4*k + 1 = 3*m. Let d = 25 - 13. What is the remainder when d is divided by k?
5
Suppose -5*z + 31 = 3*c, 2*c = 4*c + 2*z - 26. Suppose -3*n + c = 3*r + 2, 2*n - r = 10. Suppose n*k = 3*k + 82. What is the remainder when k is divided by 11?
8
Suppose b - 1 = -3*a, -4*a - b - 3 = -4. Suppose -31*g + 34*g - 54 = a. What is the remainder when 33 is divided by g?
15
Suppose 4*w + 20 = 0, 15*g - 10*g + 5*w = 70. Calculate the remainder when 86 is divided by g.
10
Let w(i) = -4*i + 1. Let t = 21 - 21. Suppose t = p + 2 - 0. Calculate the remainder when 33 is divided by w(p).
6
Let i(l) = l**3 + 9*l**2 + l + 19. Let d = -54 - -45. Calculate the remainder when 29 is divided by i(d).
9
Suppose -90 = -2*n - 4*t, -4*t = -3*n - 3*t + 114. Let b(j) = -j**3 - 7*j**2 - 2*j - 4. What is the remainder when n is divided by b(-7)?
9
Let f = -263 + 376. Suppose 5*t + 23 = f. Suppose 5*r - 3*r = t. Calculate the remainder when 15 is divided by r.
6
Suppose -3*f - 4*r + 15 = 1, f = -4*r - 6. Suppose f*y + 62 = 12*y. What is the remainder when 61 is divided by y?
30
Suppose 6*y = 149 + 307. What is the remainder when y is divided by 26?
24
Suppose -2*g + 6 = g. Let q(n) = 2*n**2 - 3*n + 3. Let b be q(g). Suppose 264 = 5*s - f, -s + b*s - 228 = 5*f. Calculate the remainder when s is divided by 11.
8
Let j(r) = r**3 + 8*r**2 + 7*r + 7. What is the remainder when j(-6) is divided by 7?
2
Let i(p) = -70*p + 55. Let k(a) = -5*a + 4. Let n(z) = 6*i(z) - 85*k(z). Calculate the remainder when n(6) is divided by 6.
2
Suppose 0 = 1291*z - 1299*z + 80. What is the remainder when 138 is divided by z?
8
Let p = 76 - 42. Let a(v) be the second derivative of v**5/20 - 5*v**4/6 - 4*v**3/3 - 7*v**2 - 10*v. Calculate the remainder when p is divided by a(11).
15
Let x(y) = -3*y**2 + 67*y - 10. Calculate the remainder when x(19) is divided by 73.
34
Suppose 0 = -5*t - 52 + 12. Let w = 610 + -400. Calculate the remainder when (-2)/8 - w/t is divided by 9.
8
Let z(g) = 2*g. Let h be z(2). What is the remainder when h/(-6) + 71/3 is divided by 5?
3
Let k be 2/(5/180*-2). What is the remainder when 23 is divided by k/30*(-15)/6 - -10?
10
Let t(c) = 4*c - 103 + 0*c + 34. What is the remainder when t(22) is divided by 4?
3
Let k(a) = 20*a - 9. Let x(d) = 3*d - 14*d + 7*d + 1. Let n be x(-1). Calculate the remainder when k(n) is divided by 23.
22
Suppose -y = 6*p - 3*p - 308, 4*p = -4*y + 424. Suppose 16 = 3*a - p. Calculate the remainder when 116 is divided by a.
38
What is the remainder when 80 is divided by (-3 + 0)/((-69)/368)?
0
Let f(r) = -r**2 + 6*r + 5. Let i be f(6). Suppose -i = z, -4*z = 4*o - z - 189. Calculate the remainder when o is divided by 9.
6
Let j = 2208 + -2167. What is the remainder when 74 is divided by j?
33
Let w = -9 - -28. Suppose -128 = -5*i + 4*z, -5*i + 150 = -3*z + w. Calculate the remainder when i is divided by 10.
8
Suppose 385 = -13*a + 18*a. Suppose 0*k - 2*k + f = -38, 0 = 2*k + 2*f - 44. What is the remainder when a is divided by k?
17
Suppose m - 3673 = -5*q, 8*q = 5*q - m + 2203. Calculate the remainder when q is divided by 11.
9
Let r(z) = z**3 + 6*z**2 - z + 14. Let g be r(-6). Suppose -2 = k, -2*t + 3*t - g = -2*k. Calculate the remainder when 87 is divided by t.
15
Let a(x) = 2*x**3 + 35*x**2 + 32*x - 1. What is the remainder when a(-16) is divided by 32?
31
What is the remainder when (0 + 1 + 48)*1 is divided by (11 - -1) + -7 - -13?
13
Calculate the remainder when 358 is divided by (-153)/(-357) - 414/(-14).
28
Let m(x) = -x**2 + 5*x + 15. Let h be m(9). Let c = h + 48. Calculate the remainder when c is divided by 14.
13
Let z(k) = -k**3 + 6*k**2 - k + 8. Let x be z(6). Let v = x + -14. Calculate the remainder when 3/v + 106/8 is divided by 8.
5
Suppose 3*j = 4*j - 22. Suppose 0*s - j = -s. Let t = s - 5. Calculate the remainder when 31 is divided by t.
14
Let q be (-4)/10 - (-13104)/60. Let j = q - 117. Calculate the remainder when j is divided by 34.
33
Let o be (-104)/(-91)*7/2 - 9. Calculate the remainder when 107 is divided by ((-43)/5 - -5)*o.
17
Suppose 3*k + 400 = 8*k + 5*n, -2*n - 74 = -k. Suppose -12*m + 206 + 46 = 0. Calculate the remainder when k is divided by m.
15
Suppose -6*u - 20 = -2*u. What is the remainder when (1 + 53/u)/(2/(-10)) is divided by 13?
9
Let u = 844 - 564. What is the remainder when u is divided by 57?
52
Suppose -g + 16 = g. Let b = 97 - 67. What is the remainder when b is divided by g?
6
Let d = 445 + -391. Calculate the remainder when d is divided by 19.
16
Let z(p) = 7*p**2 + 6*p - 6. Suppose -18*s = -21*s + 9. What is the remainder when z(s) is divided by 26?
23
Suppose -4*v + 0*v + 88 = 0. Let x = -9226 - -9377. Calculate the remainder when x is divided by v.
19
Let d(b) = -b**3 + 22*b**2 - 18*b + 72. What is the remainder when d(20) is divided by 19?
18
Suppose 384 = 30*j + 54. What is the remainder when 450 is divided by j?
10
Suppose -5*c + b = -12, -c - 5*b = 4*c. Suppose c*z = -2*z - 2*q, 4*z - 3*q = 20. Let l = 33 + z. What is the remainder when l is divided by 9?
8
Suppose 121*n = 29*n + 7084. Calculate the remainder when n is divided by 8.
5
What is the remainder when 197 is divided by (17*1)/(-17 + (-1720)/(-100))?
27
Let s = 43 - 30. Suppose 0 = 2*q - 13 - s. Calculate the remainder when 23 is divided by q.
10
Let o = 19 + -17. Suppose -2*n + 6 = o*z - z, 2*z = 0. Calculate the remainder when -1 - (-57 + n + -2) is divided by 14.
13
Let j be 30 + 6/(-4)*2. Let h be (4/3)/(4/(-54)). Let n = h + j. What is the remainder when 35 is divided by n?
8
Let n(g) = g - 12. Let s be n(-11). Let q be (2 - 72/20)*-25. Let m = s + q. What is the remainder when 50 is divided by m?
16
Let j(h) = -4*h - 5. Let w be j(-2). Suppose -2*t + 2*v = -20, -4*v + w*v + 46 = 3*t. Calculate the remainder when 68 is divided by t.
12
Suppose r - 7 = -5*x + 11, 5*x = r + 12. Let f = 405 + -402. Calculate the remainder when x is divided by f.
0
Let m be (-1)/3*(-120)/10. Suppose -45 = -4*a + 3*g, m*g - 96 + 16 = -4*a. Calculate the remainder when a is divided by 8.
7
Suppose -28 = -3*o + 4*j, -2*j + 27 + 3 = 4*o. Calculate the remainder when 38 is divided by o.
6
Suppose -16*r + 12*r = -144. Calculate the remainder when 169 is divided by r.
25
Let c = 788 + -635. What is the remainder when c is divided by 40?
33
Suppose 3*u - u - 4*w = 546, -u + w = -272. Calculate the remainder when u is divided by 55.
51
Suppose 159 = 5*m - 191. Suppose -2*f - m = -82. Let v = 5 - 2. What is the remainder when f is divided by v?
0
Let f be 8 - (2 - (3 + -1)). Let i = -3 + f. Suppose -3*r - 2*p + 120 = -5*p, 2*r - 77 = i*p. What is the remainder when r is divided by 21?
20
Suppose 0 = -3*t + 6, -t - 5 = k - 5*t. Suppose k*p + 44 = s, 17 - 7 = 5*p. Let f = 58 + -40. What is the remainder when s is divided by f?
14
What is the remainder when (7110/15 - -8)*(-3)/(-2) is divided by 66?
63
Let z(r) = r - 1. Let g be z(-11). Let c = 12 - g. Let w = -20 + c. Calculate the remainder when 10 is divided by w.
2
Suppose 2*r + 2*s - 60 = -3*r, 4*s = -2*r + 40. Calculate the remainder when 48 is divided by (15/2 - 0)*24/r.
12
Suppose -3*r + 47 = -64. Suppose 23*d - 15*d = 1152. What is the remainder when d is divided by r?
33
Let t(n) = -n**2 + n + 54. Let a be t(0). Let s = a - 21. Let c = -1522 + 1540. What is the remainder when s is divided by c?
15
Suppose 0 = 4*d + 4*n - 73 - 51, -4*d + 4*n + 84 = 0. What is the remainder when 155 is divided by d?
25
Let z = 954 - 903. Calculate the remainder when z is divided by 47.
4
Let a(w) be the second derivative of w**5/10 - w**4/3 + 2*w**3/3 - 3*w**2/2 + 15*w. Let p = 1 + 2. What is the remainder when 79 is divided by a(p)?
25
Let f = -9432 + 9473. Suppose -22 = -3*o - 2*p, -3*